{"id":9435,"date":"2025-11-15T12:36:05","date_gmt":"2025-11-15T11:36:05","guid":{"rendered":"https:\/\/snudifo37.fr\/?page_id=9435"},"modified":"2025-11-15T12:37:45","modified_gmt":"2025-11-15T11:37:45","slug":"assemblee-generale-du-16-janvier","status":"publish","type":"page","link":"https:\/\/snudifo37.fr\/index.php\/actualites\/assemblee-generale-du-16-janvier\/","title":{"rendered":"Assembl\u00e9e g\u00e9n\u00e9rale du 16 janvier"},"content":{"rendered":"","protected":false},"excerpt":{"rendered":"","protected":false},"author":1,"featured_media":0,"parent":8229,"menu_order":3,"comment_status":"closed","ping_status":"closed","template":"","meta":{"footnotes":""},"class_list":["post-9435","page","type-page","status-publish","hentry"],"_links":{"self":[{"href":"https:\/\/snudifo37.fr\/index.php\/wp-json\/wp\/v2\/pages\/9435","targetHints":{"allow":["GET"]}}],"collection":[{"href":"https:\/\/snudifo37.fr\/index.php\/wp-json\/wp\/v2\/pages"}],"about":[{"href":"https:\/\/snudifo37.fr\/index.php\/wp-json\/wp\/v2\/types\/page"}],"author":[{"embeddable":true,"href":"https:\/\/snudifo37.fr\/index.php\/wp-json\/wp\/v2\/users\/1"}],"replies":[{"embeddable":true,"href":"https:\/\/snudifo37.fr\/index.php\/wp-json\/wp\/v2\/comments?post=9435"}],"version-history":[{"count":1,"href":"https:\/\/snudifo37.fr\/index.php\/wp-json\/wp\/v2\/pages\/9435\/revisions"}],"predecessor-version":[{"id":9436,"href":"https:\/\/snudifo37.fr\/index.php\/wp-json\/wp\/v2\/pages\/9435\/revisions\/9436"}],"up":[{"embeddable":true,"href":"https:\/\/snudifo37.fr\/index.php\/wp-json\/wp\/v2\/pages\/8229"}],"wp:attachment":[{"href":"https:\/\/snudifo37.fr\/index.php\/wp-json\/wp\/v2\/media?parent=9435"}],"curies":[{"name":"wp","href":"https:\/\/api.w.org\/{rel}","templated":true}]}}