{"id":9378,"date":"2025-10-09T13:22:04","date_gmt":"2025-10-09T11:22:04","guid":{"rendered":"https:\/\/snudifo37.fr\/?page_id=9378"},"modified":"2025-10-09T13:22:05","modified_gmt":"2025-10-09T11:22:05","slug":"modele-modifiable-de-demande-de-protection-fonctionnelle","status":"publish","type":"page","link":"https:\/\/snudifo37.fr\/index.php\/modele-modifiable-de-demande-de-protection-fonctionnelle\/","title":{"rendered":"Mod\u00e8le modifiable de demande de protection fonctionnelle"},"content":{"rendered":"\n<p>Nom&nbsp;:<\/p>\n\n\n\n<p>Pr\u00e9nom&nbsp;:<\/p>\n\n\n\n<p>Adresse \u00e9cole&nbsp;:<\/p>\n\n\n\n<p>                                                                                                                               A Monsieur le Recteur<\/p>\n\n\n\n<p>                                                                                                                               s\/c de M. le DASEN<\/p>\n\n\n\n<p>                                                                                                                               s\/c de Mme l\u2019IEN<\/p>\n\n\n\n<p><strong>Objet&nbsp;:<\/strong> Demande de protection fonctionnelle<\/p>\n\n\n\n<p>Monsieur le Recteur,<\/p>\n\n\n\n<p>Je tiens \u00e0 vous relater les faits qui sont survenus le \u2026.. <em><strong>Relater les faits<\/strong><\/em><\/p>\n\n\n\n<p>Je joins \u00e0 cet envoi toutes les pi\u00e8ces utiles.<\/p>\n\n\n\n<p>Dans ce cadre l\u00e0, je vous demande de bien vouloir mettre en \u0153uvre la protection fonctionnelle et par cons\u00e9quent d\u2019assurer ma d\u00e9fense et d\u2019entamer des poursuites au titre des articles L134-1 et suivants du Code G\u00e9n\u00e9ral de la Fonction Publique.<\/p>\n\n\n\n<p>Je me tiens \u00e0 votre disposition pour tout renseignement compl\u00e9mentaire.<\/p>\n\n\n\n<p>Fait \u00e0 \u2026&#8230;. le \u2026&#8230;&#8230;.<\/p>\n\n\n\n<p>Signature<\/p>\n\n\n\n<div class=\"wp-block-file\"><a id=\"wp-block-file--media-ac320497-619c-4803-add7-e2ac9cf23956\" href=\"https:\/\/snudifo37.fr\/wp-content\/uploads\/2025\/10\/Lettre-demande-de-protection-fonctionnelle-2025-modele.doc\">Lettre-demande-de-protection-fonctionnelle-2025 mod\u00e8le<\/a><a href=\"https:\/\/snudifo37.fr\/wp-content\/uploads\/2025\/10\/Lettre-demande-de-protection-fonctionnelle-2025-modele.doc\" class=\"wp-block-file__button wp-element-button\" download aria-describedby=\"wp-block-file--media-ac320497-619c-4803-add7-e2ac9cf23956\">T\u00e9l\u00e9charger<\/a><\/div>\n","protected":false},"excerpt":{"rendered":"<p>Nom&nbsp;: Pr\u00e9nom&nbsp;: Adresse \u00e9cole&nbsp;: A Monsieur le Recteur s\/c de M. le DASEN s\/c de Mme l\u2019IEN Objet&nbsp;: Demande de protection fonctionnelle Monsieur le Recteur, Je tiens \u00e0 vous relater&#8230;<\/p>\n","protected":false},"author":1,"featured_media":0,"parent":0,"menu_order":8,"comment_status":"closed","ping_status":"closed","template":"","meta":{"footnotes":""},"class_list":["post-9378","page","type-page","status-publish","hentry"],"_links":{"self":[{"href":"https:\/\/snudifo37.fr\/index.php\/wp-json\/wp\/v2\/pages\/9378","targetHints":{"allow":["GET"]}}],"collection":[{"href":"https:\/\/snudifo37.fr\/index.php\/wp-json\/wp\/v2\/pages"}],"about":[{"href":"https:\/\/snudifo37.fr\/index.php\/wp-json\/wp\/v2\/types\/page"}],"author":[{"embeddable":true,"href":"https:\/\/snudifo37.fr\/index.php\/wp-json\/wp\/v2\/users\/1"}],"replies":[{"embeddable":true,"href":"https:\/\/snudifo37.fr\/index.php\/wp-json\/wp\/v2\/comments?post=9378"}],"version-history":[{"count":1,"href":"https:\/\/snudifo37.fr\/index.php\/wp-json\/wp\/v2\/pages\/9378\/revisions"}],"predecessor-version":[{"id":9380,"href":"https:\/\/snudifo37.fr\/index.php\/wp-json\/wp\/v2\/pages\/9378\/revisions\/9380"}],"wp:attachment":[{"href":"https:\/\/snudifo37.fr\/index.php\/wp-json\/wp\/v2\/media?parent=9378"}],"curies":[{"name":"wp","href":"https:\/\/api.w.org\/{rel}","templated":true}]}}