{"id":3645,"date":"2021-05-29T15:46:14","date_gmt":"2021-05-29T13:46:14","guid":{"rendered":"https:\/\/snudifo37.fr\/?page_id=3645"},"modified":"2021-05-29T15:46:15","modified_gmt":"2021-05-29T13:46:15","slug":"enquete-du-chsct-departemental-a-la-maternelle-croix-pasquier","status":"publish","type":"page","link":"https:\/\/snudifo37.fr\/index.php\/enquete-du-chsct-departemental-a-la-maternelle-croix-pasquier\/","title":{"rendered":"Enqu\u00eate du CHSCT d\u00e9partemental \u00e0 la maternelle Croix Pasquier"},"content":{"rendered":"","protected":false},"excerpt":{"rendered":"","protected":false},"author":1,"featured_media":0,"parent":0,"menu_order":26,"comment_status":"closed","ping_status":"closed","template":"","meta":{"footnotes":""},"class_list":["post-3645","page","type-page","status-publish","hentry"],"_links":{"self":[{"href":"https:\/\/snudifo37.fr\/index.php\/wp-json\/wp\/v2\/pages\/3645","targetHints":{"allow":["GET"]}}],"collection":[{"href":"https:\/\/snudifo37.fr\/index.php\/wp-json\/wp\/v2\/pages"}],"about":[{"href":"https:\/\/snudifo37.fr\/index.php\/wp-json\/wp\/v2\/types\/page"}],"author":[{"embeddable":true,"href":"https:\/\/snudifo37.fr\/index.php\/wp-json\/wp\/v2\/users\/1"}],"replies":[{"embeddable":true,"href":"https:\/\/snudifo37.fr\/index.php\/wp-json\/wp\/v2\/comments?post=3645"}],"version-history":[{"count":1,"href":"https:\/\/snudifo37.fr\/index.php\/wp-json\/wp\/v2\/pages\/3645\/revisions"}],"predecessor-version":[{"id":3646,"href":"https:\/\/snudifo37.fr\/index.php\/wp-json\/wp\/v2\/pages\/3645\/revisions\/3646"}],"wp:attachment":[{"href":"https:\/\/snudifo37.fr\/index.php\/wp-json\/wp\/v2\/media?parent=3645"}],"curies":[{"name":"wp","href":"https:\/\/api.w.org\/{rel}","templated":true}]}}

Enquête du CHSCT départemental à la maternelle Croix Pasquier
